se -3*s = -o - 5, 7*s - o = 2*s + 9. Suppose q = 4*z - 2*q + 8, 5*z + s*q + 10 = 0. Give f(z).
2
Let q be (-9)/(-5) - 6/(-30). Suppose 2*n + 4 = -x - q*n, 5*n = 4*x - 5. Let o(p) = -p**3 - p**2 - p - 6. What is o(x)?
-6
Let a(v) = v**3 + 4*v**2 + 3*v + 6. Let j be a(-3). Let k(x) = x**2 - 6*x - 2. Determine k(j).
-2
Let h(l) be the second derivative of l**4/12 + 4*l**3/3 + 2*l**2 - 2*l. Calculate h(-6).
-8
Let i(x) = -5*x + x**2 + 3*x - 1 - x - 6. Let j(q) = -q**3 - 6*q**2 - 7*q - 5. Let u be j(-5). Determine i(u).
3
Let c(t) = -t - 5. Let x be c(-4). Let r(u) = -3*u**3 + u + 1. Let g be r(x). Let z(l) = l**3 - l**2 - 4*l + 2. Determine z(g).
8
Let m = 3 - 1. Let r(n) = 7 - 1 + 3*n + 3*n**2 + n - m*n**2. Calculate r(-4).
6
Let c(v) be the first derivative of v**3/3 - 3*v**2/2 + 3*v + 3. Let r be c(3). Let n(o) = 3*o + 2 - 6*o**2 - 4 + 5*o**2. What is n(r)?
-2
Let w(q) = 4 - q**3 - 1 - 44*q**2 + 50*q**2. Calculate w(6).
3
Let o(z) = -14*z**3 - 17*z**2 - 20*z + 38. Let b(y) = 5*y**3 + 6*y**2 + 7*y - 13. Let t(f) = 17*b(f) + 6*o(f). Suppose 20 = 5*s - 0. Let v = s - 4. Give t(v).
7
Let n(l) = 4*l**2 + 2*l**3 + 3*l**2 - l**3 + 5*l - 1. Determine n(-6).
5
Let o(m) = -2*m**2 - 7*m + 0 + 3*m**2 + 2. Let u be o(6). Let h(x) be the first derivative of x**2 + 2*x + 14. Give h(u).
-6
Let h(z) = 2*z - 16. Let w be h(9). Let g(r) = w + 3*r + 1 + 0 - r**2. Determine g(6).
-15
Suppose -4*h - 4 = q, -5*h = -q + 5 - 0. Let j(r) = 0 - r + 6*r**2 + q*r + 1 - r**3 + 0. Give j(6).
-5
Let q = -8 - -2. Let k(a) be the first derivative of a**4/4 + 5*a**3/3 - 2*a**2 + 7*a - 1. What is k(q)?
-5
Let l(b) = b - 3. Let g = -8 - -9. Let u = g + 6. What is l(u)?
4
Let r(q) = q**3 + q**2 - 2*q - 1. Let m = 27 - 29. Determine r(m).
-1
Let o(i) = i**2 + i - 6. Suppose m + 2*x + 8 = 0, -3*m - x = -4*m + 4. Determine o(m).
-6
Let j(t) = 7*t - 7. Let k(w) = w - 1. Let m(g) = j(g) - 6*k(g). Let y(r) = r**3 - r. Let c(d) = -m(d) - 3*y(d). Determine c(-1).
2
Let t = 11 - 9. Let u(z) = -3*z - 2. What is u(t)?
-8
Let v be (-2)/5 - (-448)/70. Let o(j) = 0*j**3 - 5*j**3 + 8*j**2 + j - v*j**2. Give o(-1).
6
Let w(f) = f**3 + 5*f**2 + 5*f. Suppose -a - 4 = -0. Give w(a).
-4
Let v be (-5)/(2 + 3/(-1)). Let f(y) = -2*y + 5. What is f(v)?
-5
Suppose -4*r = 48 - 16. Let i(z) = -z - 14. What is i(r)?
-6
Suppose 4*x - y = x + 7, 12 = 4*x - 2*y. Let p(k) be the second derivative of 1/2*k**2 + 1/6*k**3 - 2*k + 0. Determine p(x).
2
Let m(q) = 9*q**2 + 4*q - 1. Let x(i) = -19*i**2 - 9*i + 2. Let a(l) = -5*m(l) - 2*x(l). What is a(1)?
-8
Let a(f) = -f**3 + 5*f**2. Let c be (-20)/10*(-5)/2. What is a(c)?
0
Let j(n) = n**2 + 5*n + 1. Let f be j(-5). Let o be f/(-4)*2*-10. Let g(b) = -o + b + 5. What is g(1)?
1
Let n(t) = 3*t + 1. Let g(q) = -q. Let u(j) = 7*g(j) + 2*n(j). Let k be (36/(-30))/(3/(-10)*-1). Give u(k).
6
Let i = 2 - 2. Let z(o) = -6*o**3 + 6*o**3 - o**3 + 2 + 2*o**3. Determine z(i).
2
Let t = 11 + -3. Suppose -t = -3*u + 4*p + 10, 0 = -p - 3. Let y(o) = -1 - 2*o + o**3 + 0*o - o**2 + u*o**2. What is y(-2)?
-1
Let d(l) = l**2 + 5*l - 7. Let w(g) = -2*g**2 - 7*g - 6. Let q be w(-5). Let u = -36 - q. Let s be 2/(-6) + 70/u. Calculate d(s).
-7
Suppose -16 = 3*s - 7*s. Let l(d) = d - 2. Give l(s).
2
Let h(t) = t**2 - 5*t - 2. Let s be (-7)/(-3) + 3/(-9). Suppose 5*u - s + 22 = 0, -5*j = u - 11. Calculate h(j).
-8
Suppose -5*n = -8*n. Let y(r) = -r**3 - r**2 + 2*r - 3. Let d be y(n). Let x(t) = -t. Determine x(d).
3
Let t(g) = g**3 - 3*g**2 - 2*g + 1. Let f = 6 - 5. Suppose 2 = -2*y, 2*y - y = -3*u - f. Suppose 5*m - 15 = -u*m. What is t(m)?
-5
Suppose 3*l - 4*i = -8, 4*i - 18 = -2*l + 2*i. Suppose 4*p = -l - 0. Let o be 0/((-4)/p + -1). Let c(z) = z**3 + z**2 - z - 7. Determine c(o).
-7
Let s(x) = x**2 - 6*x - 5. Let k be s(7). Let m(d) = -1 + d + 6*d**2 - 4*d**2 + 5*d**k. Suppose -3*y + 14 = 5*o, -o + y + 4 = 6. Determine m(o).
7
Let x(m) be the third derivative of -m**4/8 - 15*m**2. Calculate x(1).
-3
Let m(g) = 4*g - 2. Suppose 5*u = b - 3, -3*b = -2*b + 4*u - 3. Determine m(b).
10
Let p(j) = j**2 - 5*j - 2. Let z be p(5). Let l be (2/(-4))/(1/z). Let v(k) = -3*k**2 + 0 - 3*k**2 - 1 + 2*k. Determine v(l).
-5
Let g(r) = -3*r**2 + 3*r. Suppose -34 = 3*o + 2. Let c = o + 14. Determine g(c).
-6
Let z(w) = -2*w + 1. Let n(d) = d**2 + d + 2. Let o(c) = -c**2 - c - 2. Let m(g) = 7*n(g) + 6*o(g). Let v be m(-2). Determine z(v).
-7
Suppose -3*m - 4 - 14 = 0. Let v(a) be the second derivative of -a**3/3 - 7*a**2/2 + 3*a. Give v(m).
5
Let o = 77 - 77. Let a(u) = u + 20. Determine a(o).
20
Let y(g) = -9*g - 29. Let p(l) = 5*l + 15. Let c(o) = -7*p(o) - 4*y(o). Calculate c(-8).
3
Let q = -6 - -7. Let s = -20 - -7. Let h(d) = 8*d**2 + 15*d - 15. Let i(o) = 4*o**2 + 7*o - 7. Let b(f) = s*i(f) + 6*h(f). Give b(q).
-4
Let x(y) = -y**3 + 6*y**2 - 3*y - 6. Let u(n) = -n**2 - n + 1. Let l be u(-3). Let z be l + 3/((-6)/4). Let v = 12 + z. Calculate x(v).
4
Let f(h) be the first derivative of -h**2/2 - h + 2. Suppose 3*u + 2 = -1. Calculate f(u).
0
Suppose 2*x = -x - 6. Let u be (x/5)/(4/40). Let j(p) = p**3 + 4*p**2 + 2*p + 2. Calculate j(u).
-6
Suppose 6 = -j + 1. Let d(q) = q**2 + 7*q + 5. Let o(i) = 1. Let h(z) = d(z) - 4*o(z). What is h(j)?
-9
Let d(w) = -w - 1. Let q be 4/4 + -1 + -7. Let u = -10 - q. Let n(a) = -a**2 + 6*a + 4. Let g(x) = u*d(x) - n(x). Calculate g(4).
3
Let t(m) = m**3 - 4*m - 1. Let j be -6*(3 - 20/8). Calculate t(j).
-16
Let a(g) = -g + 1. Let q be a(-2). Suppose q*o - 2*c - 7 = 0, 2*o - 4*o - 3*c = 17. Let h(x) = 9*x**3 + 2*x + 1. Determine h(o).
-10
Let a(n) be the third derivative of -n**5/30 + n**4/24 + n**3/6 + 17*n**2. Calculate a(3).
-14
Let j(q) = -q**2 - 5*q + 6. Let o(u) = -u**2 + 1. Let c = 2 - 1. Let z be o(c). Let r be 2 + z - (-7)/(-1). Give j(r).
6
Let j(p) = 5*p**2 - 6*p. Let m(h) = -9*h**2 + 11*h. Let g(i) = 11*j(i) + 6*m(i). Let w = 6 - 8. Let y be 1 - (0 + (0 - w)). Determine g(y).
1
Let t(y) = 13 - 5 + 6*y - 6. Determine t(-2).
-10
Let k(t) = 2*t - 11. Let u be k(5). Let i be 0/(2 - u - 1). Let j(x) = x**3 + x**2 - x - 6. What is j(i)?
-6
Let d(n) = n**2 - 5*n - 1. Let p(i) = i**3 + 7*i**2 + 7*i + 10. Let h be p(-6). Give d(h).
-5
Let t(m) = -1 + 0*m + m + 0*m. Let a(x) = 3*x**2 + 9*x + 3. Let n(i) = -2*i**2 - 6*i - 2. Let y(w) = 5*a(w) + 7*n(w). Let d be y(-2). Determine t(d).
-2
Suppose 2*n = 15 - 5. Suppose -20 = n*w - v, 2*w - v = -6*v - 35. Let l(d) = d**3 + 6*d**2 + 6*d - 3. Calculate l(w).
-8
Let j(g) = g - 2. Let l be 294/12 - (-1)/(-2). Let r = l - 26. Calculate j(r).
-4
Let w(c) = -c**2 - 5*c. Let h(m) = -m. Let u(y) = 3*h(y) + w(y). Determine u(-8).
0
Let q(x) = x**2 + 7*x + 6. Let u = 6 - 2. Suppose u = 2*c + 16. Calculate q(c).
0
Let i(d) be the first derivative of -d**2/2 + 6*d - 2. Give i(0).
6
Let l(t) = -t**2 - 5*t - 4. Let x be -5 - 2/(-3 - -1). Give l(x).
0
Let j(k) = 2*k - 4. Let q = 0 + 9. Suppose -4*r - 3 = q. What is j(r)?
-10
Let q(i) = -i**3 - i - 2. Let p(w) = -w**2 + 3*w**2 - 4*w**2 - 4*w + w**2. Let s be p(-4). Determine q(s).
-2
Let v(l) = -l**2 + 2*l + 1. Suppose -8*w + 7*w - 1 = 0. Determine v(w).
-2
Let g(m) = 3*m**2 - 6*m + 3. Let o(y) = -y**2 + 3*y - 2. Let u(a) = -a**3 + 8*a**2 - 8*a + 5. Let t be u(7). Let j(d) = t*g(d) - 5*o(d). Give j(-4).
0
Let i(g) = -g - 1. Let p be i(-5). Let m(h) = -8*h**2 + h**2 + 3 + 0 + 3*h - h. Let b(w) = -w**2. Let q(y) = -6*b(y) + m(y). Calculate q(p).
-5
Let g(h) = -h + 5*h + 2 - h. Let s be -2*(4 + 0)/4. What is g(s)?
-4
Let c(o) be the second derivative of -o**5/20 + o**4/12 + o**2/2 - 4*o. Let q be c(1). Let g(r) = 4*r**3 - r**2 + 1. Calculate g(q).
4
Let m(f) = -f**2 - 4*f. Let w = 165 + -167. Determine m(w).
4
Let x(d) be the second derivative of -3*d + 1/6*d**3 + 0 + 1/2*d**2. Let z = -5 + 3. Give x(z).
-1
Let q(f) = 3*f - 7. Let a(v) = v - 2*v - 6*v + 15. Let m = 6 - 8. Let j(z) = m*a(z) - 5*q(z). Calculate j(5).
0
Let f(t) = t**3 + t**2 - 7. Let x be 30/(-10) - (-4 - -1). What is f(x)?
-7
Let y be (5 - -1) + 3*-1. Suppose 2*g = -1 + y. Let l(k) = 0*k**3 + 4*k**3 + 0 + g + k**3 - k**2. Determine l(1).
5
Let o(p) = -p**2 + 15*p - 18. Suppose -3*g + 5*u = u - 50, -3*g + u = -44. Give o(g).
-4
Let c(g) = -4 + 4*g**2 + 630*g + g**2 - 626*g - 4*g**2. Calculate c(-6).
8
Let w = 41 + -37. Let 